?
8
Suppose -5*l = 4*r - 1492, -10*r + 9*r - 2*l = -373. What is the tens digit of -1*r*(0 - 0 - 2)?
4
Let z = -12 + 15. Suppose -k - z = 0, -l = 4*l + 4*k - 953. Let n = l - 86. What is the units digit of n?
7
Let v(p) = -536*p - 6031. What is the thousands digit of v(-16)?
2
Let q(j) = -j**2 + 10*j - 3. Let n be q(3). Suppose -12*r = -n*r - 6. What is the hundreds digit of 3/r + (189 - 20/(-4))?
1
Let r = 276 + -256. Suppose -23*w = 2*b - r*w - 767, 0 = -b + 4*w + 378. What is the hundreds digit of b?
3
Let k be (-51)/(-7) + (-4)/14. Let a(b) be the second derivative of 17*b**3/6 + 33*b**2 + 324*b + 9. What is the hundreds digit of a(k)?
1
Let a = 11739 - 5647. What is the tens digit of a?
9
Suppose -2*m - 20807 - 7729 = -3*o, -2*o + 4*m = -19040. What is the units digit of o?
8
What is the tens digit of ((55143/(-2))/(-11))/((-15)/(-40))?
8
Suppose -121406 = -47*i + 356161. What is the hundreds digit of i?
1
What is the thousands digit of 1*4*8062/4 + 4?
8
Suppose -265*u - 287*u = -523*u - 181308. What is the thousands digit of u?
6
Let n(k) = 3*k**2 + 26*k**3 - 27*k**3 - 17*k**2 + 8 + 1 - 13*k. Let t be 39/(-3) - (1 - 1). What is the units digit of n(t)?
9
Suppose 5*g + g = 12. Let t(c) = 9*c + 50*c**3 - 94*c**3 - 11 + 53*c**3 - g*c**2. What is the units digit of t(2)?
1
Suppose 3*d = 3*u - 2*u + 4, 12 = -3*u. Let k be d - (-9 + (-1 - -3)). Let p(c) = 5*c + 29. What is the units digit of p(k)?
4
Suppose r + 2 - 12 = -3*f, -2*r = 4*f - 14. Let n(i) = 332*i**3 - 4*i + 3. What is the hundreds digit of n(r)?
3
Suppose -19*k = 51*k - 287*k + 266476. What is the hundreds digit of k?
2
Let u(a) = a**2 - 14*a + 6. Let n be u(14). Suppose 2*z - n*z + 12 = 0. Suppose 264 = z*g + r, -2*r = 3*g - 376 + 109. What is the tens digit of g?
8
Let r = -14450 - -38835. What is the ten thousands digit of r?
2
Let z = -16643 + 30170. What is the thousands digit of z?
3
Suppose 21*q - 18*q - 174 = 0. Let k = -41 - q. What is the tens digit of -4 - k - (2 - 1)?
9
Let x be (1 - (-2)/(-4))*-754. Let t = -463 - 93. Let z = x - t. What is the hundreds digit of z?
1
Let i = 130 + -68. Let v be i/(-4)*(-14 + 10). Suppose 22*y = 20*y + v. What is the units digit of y?
1
Let c be 24*3/3*1. Suppose -c = 4*d - 4, -3*d = -3*l + 30. Suppose -372 = -l*t - 37. What is the units digit of t?
7
Suppose -f - 4*g = g + 16, 0 = -g - 4. Suppose f*h + 4*h = -104. What is the tens digit of (-1 - 0)/(h/780)?
6
Let n = -59 - -76. Suppose 0 = -4*s + 5*r, -s - n = -3*r + 6*r. What is the units digit of 5 - (0 - (-5)/s)?
6
Let t be (-1)/(((-91)/10339)/13). Let p(u) = -11*u + 4. Let x be p(-3). Suppose 9*q - t = -x. What is the units digit of q?
0
Let p = -5666 + 11519. What is the units digit of p?
3
Let m(n) = -9668*n**3 - n**2 + 2*n + 3. What is the tens digit of m(-1)?
6
Suppose -218*z + 215*z + 4*g = -231463, 5*g = -3*z + 231400. What is the units digit of z?
5
Let v(d) = d**2 + 11*d. Let c be v(-12). Suppose -8*k + 4*k = -c. Suppose 2*s + k*s = 0, r = -4*s + 48. What is the tens digit of r?
4
Let t(c) = 15*c - 8. Let p(o) = -o. Let i be ((-1)/(-3))/(22/6 - 4). Let b(j) = i*t(j) + 6*p(j). What is the units digit of b(-2)?
0
Let f = -26489 - -45070. What is the tens digit of f?
8
Let f = 151 + -149. Suppose 0 = f*b - 3*h - 309, -2*b + 4*h = b - 463. What is the hundreds digit of b?
1
Let i = -73216 - -114519. What is the tens digit of i?
0
Suppose 6*i + 16280 = 11*i - 2*f, 3*i - 5*f - 9768 = 0. Suppose -r = -12*r + i. What is the hundreds digit of r?
2
Suppose 34*n - 884 = -4*z + 36*n, 656 = 3*z + 2*n. Let s(b) = -5*b**2 - 6*b - 2. Let q be s(-6). Let f = z + q. What is the units digit of f?
4
What is the hundreds digit of 5320 - (-13 + 13)/9?
3
Let t(p) = -2*p**3 + 20*p**2 + 65*p - 13. Let v be t(16). Let l = -1172 - v. What is the units digit of l?
3
Let c be (-5)/5 - -6 - 1. Suppose -5*m + 2*a + 1231 = 0, -c*m + 733 = -m - 4*a. What is the hundreds digit of m?
2
Let d be (-21534)/(-22) - 4/(-22). Suppose -2854 + d = 5*h. Let r = -172 - h. What is the tens digit of r?
0
Suppose 5*p + 2*v - 1968 = 4406, -4*v - 1266 = -p. What is the tens digit of p/6 + 14/21?
1
Suppose 2*z + 3*h + h + 156 = 0, 334 = -4*z + 3*h. Let b = z + 39. Let t = b + 199. What is the hundreds digit of t?
1
Suppose v = 4*v + 4*q - 113242, 4*v + 5*q = 150988. What is the units digit of v?
2
Suppose -8*d + 12 = -6*d. Let u be d/14 - 477/(-63). Suppose -u*x = -74 - 54. What is the tens digit of x?
1
Suppose 4*a + 2665 = -5*m + 3*a, -m + 4*a - 512 = 0. Let h = 233 + 573. Let i = h + m. What is the units digit of i?
4
Let n(d) = -2*d**2 - 24*d + 12. Suppose -u - 85 = -8*s + 5*s, 79 = 3*s + 5*u. Let m = -39 + s. What is the units digit of n(m)?
4
What is the hundreds digit of (2/(-4))/(146/3504) - -56363?
3
What is the units digit of (-15)/9*-40*(76995/30)/29?
0
Let t(g) be the second derivative of 15*g**3/2 - 3*g**2 + 5*g + 2. What is the units digit of t(10)?
4
Suppose -107 = -z + 565. Suppose -5*u - u = -z. What is the units digit of u?
2
Suppose 0 = 5*s - a - 39 - 1216, 5*s - 2*a = 1250. Let t = -2031 + 2109. Suppose 15*c - s = t. What is the tens digit of c?
2
Suppose -3*u = 5 + 478. Let g = -137 - u. What is the tens digit of g?
2
Let b(s) = -144*s - 15. Let u(k) = -9*k**2 + k + 1. Let v be u(1). What is the hundreds digit of b(v)?
9
Let t(n) = -22*n + 1139. What is the tens digit of t(-42)?
6
Let a = -5125 - -8802. What is the thousands digit of a?
3
Let g = -4669 + 6922. Suppose 0 = -2*t - 5*s + g, 5*s = s - 20. What is the thousands digit of t?
1
Suppose -17*c + 30*c = 16*c. Suppose c*t = -4*t + 2*b + 1974, 3*b - 15 = 0. What is the hundreds digit of t?
4
Let d be (1/3)/(7/315). Suppose 0 = -4*c + d + 1. Suppose -c*v - 26 = -122. What is the tens digit of v?
2
Suppose m - 3828 - 8714 = 4*u, 2*m + 4*u = 25156. What is the tens digit of m?
6
Suppose 465735 + 157195 = 22*d. What is the tens digit of d?
1
Suppose -3*t - 137*f + 133*f + 45371 = 0, -f - 60463 = -4*t. What is the tens digit of t?
1
Let y(i) = i**3 + 13*i**2 + 6*i + 24. Let l be y(-12). Let k = l - 60. Suppose -k*a = -32*a - 668. What is the tens digit of a?
6
Let k be (-35 + -5)/(-8) - 3350. Let w = -1865 - k. What is the hundreds digit of w?
4
Let m = 20605 + -10552. What is the hundreds digit of m?
0
What is the thousands digit of 110/(-30)*(-2787)/2*2?
0
Let f(s) = 143*s**2 + 68*s - 698. What is the tens digit of f(10)?
8
Suppose -124*s - 140080 + 264950 = -1263558. What is the units digit of s?
7
Let f(j) = j**3 + 13*j**2 + 5*j - 9. Let m be f(-7). Suppose 0 = m*d - 251*d + 306. What is the tens digit of d?
0
Let a = 4515 + -1099. What is the units digit of a?
6
Let w(i) = -2*i**3 - 5*i**2 - 8*i - 8. Let v be w(-3). Suppose v*n = 17*n + 4496. What is the units digit of n?
2
Suppose -286*m + 147*m + 4807037 = 0. What is the ten thousands digit of m?
3
Let z(n) = 7*n**2 + 2*n - 69. Let a(i) = 13*i**2 + 5*i - 137. Let t(b) = 6*a(b) - 11*z(b). What is the units digit of t(-19)?
6
Let w be ((-3)/(12/(-4)))/((-2)/(-108)). What is the hundreds digit of 30654/w + ((-10)/6 - -1)?
5
Suppose -44*f + 486319 + 42429 = 0. What is the ten thousands digit of f?
1
Let w(t) = -31*t**3 - 4*t**2 - 5*t. Let r be 4/16 - (-130)/(-40). What is the hundreds digit of w(r)?
8
Let j(q) = 10*q**2 - 105*q + 128. What is the units digit of j(-60)?
8
Let n(o) = o**3 + 3*o**2 + 2*o - 1. Let v be n(-2). Let p(t) = -407*t**2 - 1. Let q be p(v). What is the units digit of (2 - q/18)*(-6)/(-4)?
7
Let j = 5 + -2. Suppose -5*s - 28 + 23 = -f, -3*f + 15 = -5*s. Suppose 4*q = j*y - f*y + 202, -4*y - 246 = -5*q. What is the tens digit of q?
5
Let q be 292/(-6)*6/(-4) - -2. Suppose z - 4*p + q = 6*z, 4*z - p = 60. What is the tens digit of z?
1
Let u be 2093/21 + 2/6. Let c = u - 96. Suppose -94 = 3*a - c*a + 5*q, 20 = -5*q. What is the units digit of a?
4
What is the units digit of ((-1352)/(-6))/(46/90 + (-18)/45)?
8
Suppose -8*t - 6329 = -b - 5*t, -31683 = -5*b - 4*t. What is the units digit of b?
5
Let b be 0/(4 - (-4)/(-2)). Let s = 22459 + -22408. Suppose b*p - s = -p. What is the units digit of p?
1
Let a = -127 - -53. Let t = a - -211. What is the units digit of t?
7
Suppose 25*h + 41*h - 579134 = 5*h. What is the units digit of h?
4
Suppose -6*d + 3*d = 18. Let h be ((-2)/d)/(